/(-6))?
18
Let a(g) = g**3 - 19*g**2 + 2*g - 22. Let f = 57 - 27. What is the remainder when f is divided by a(19)?
14
Suppose 0 = 1991*r - 1999*r + 2056. Calculate the remainder when r is divided by 39.
23
Let u be -2*(-2 - -6) - (-1 + -1). Let m(a) = 4*a + 30. Calculate the remainder when m(u) is divided by 2.
0
Let w(i) = -3*i + 80. Calculate the remainder when w(-11) is divided by 51.
11
Suppose 15*t + 30 - 450 = 0. Calculate the remainder when t is divided by 6.
4
Suppose -149*g + 154*g - 120 = 0. What is the remainder when 45 is divided by g?
21
Let s(k) = k**2 + k + 12. Let v be s(-8). Suppose -v = -g - 4*l, 0 = -5*g + 9*g + 5*l - 272. What is the remainder when g is divided by 14?
12
Let t be 14/(-49) - (-145)/(-7). Let i(u) = -4*u - 62. Calculate the remainder when 107 is divided by i(t).
19
Let w be (1 + 20)*2/6. Suppose 0 = -3*l + 2*l + w. Suppose 140 = l*r + 14. What is the remainder when 88 is divided by r?
16
Suppose 5*i = -4*w + 747, -4*i - 2*w + 241 = -353. Suppose -3*o + o - 3*c = -i, 0 = 2*o - c - 135. What is the remainder when o is divided by 19?
12
Suppose 0*z - 3*z = 15. What is the remainder when 137 is divided by (2 - (4 + z)) + 5*5?
25
What is the remainder when (-37*(-6 - 0))/(2/4) is divided by 56?
52
Suppose -285*o + 292*o = 6762. What is the remainder when o is divided by 11?
9
Suppose -2*a + 10 = 0, -4*w - 2*a = -0*a - 730. What is the remainder when 6160/w + (-4)/18 is divided by 12?
10
Suppose -5*u = 5*g - 50, g - 28 + 7 = -2*u. Calculate the remainder when ((-9)/(-6))/(3/58) is divided by u.
7
Calculate the remainder when 6/12*253 - 3/(-6) is divided by 11.
6
Let t = 328 - 304. Calculate the remainder when 260 is divided by t.
20
Suppose -50 = -5*w - 5*a - 0, 3*a + 6 = 0. Calculate the remainder when 31 is divided by w.
7
Suppose 0*c - c - 5 = 0. Let f = -1 - c. Suppose -f*x = -0*x - t - 175, 0 = 2*x + 5*t - 115. What is the remainder when x is divided by 12?
9
Suppose 0 = 2*v + 3*k - 75, -159 = -4*v + k + 2*k. Let t(y) = y**2 + 3*y - 2. Let b be t(4). Let u = b - 12. Calculate the remainder when v is divided by u.
11
Let g be (-531)/36 - (-6)/8. Let x = -10 - g. What is the remainder when 50 is divided by 2/x + 102/4?
24
Let i be (-1 + 21)*2/(-5). Let r = 11 + i. Suppose 5*w + 4 = -s + 26, 2*w = r*s - 32. What is the remainder when s is divided by 4?
0
Let m = 140 + -123. What is the remainder when 40 is divided by m?
6
Suppose -g = -2*g + 14. What is the remainder when -5*7*(-5)/7 is divided by g?
11
Let j(q) = -q**3 - 17*q**2 - 12*q - 436. What is the remainder when 1141 is divided by j(-18)?
101
Let y(j) = -j**2 + 10*j + 26. What is the remainder when 205 is divided by y(9)?
30
Suppose 0 = 59*d - 595 - 526. Calculate the remainder when 57 is divided by d.
0
Suppose 0 = 4*p + 5*l + 23, -2*p + 3*l = -4*p - 11. What is the remainder when 54 is divided by (p/4)/(7/(-56))?
12
Suppose 516*s + 6890 = 542*s. Calculate the remainder when s is divided by 84.
13
Let z(n) = 7*n - 61. Let h be z(9). Suppose -1 = -2*i + m, h*i - 4*m = m - 3. What is the remainder when 3 is divided by i?
0
Suppose -552 = -0*s - 4*s. Let r = s + -119. What is the remainder when r is divided by 7?
5
Suppose -l - 37 + 64 = 0. What is the remainder when l is divided by 7?
6
Let u = -30 + 35. Suppose -c + 5*y = 18, 2*c = -0*c + u*y - 16. What is the remainder when c/6*-3 + 30 is divided by 11?
7
Calculate the remainder when 98 is divided by 1 + 0 + 3 + 16.
18
Suppose 2*g - 3 = -1, -186 = -4*z + 2*g. Calculate the remainder when 165 is divided by z.
24
Let k = -200 - -254. Calculate the remainder when k is divided by (4/20)/(2/(-25))*-6.
9
Let f = -329 + 349. Suppose o - k + 5*k = -163, 0 = 3*k - 9. Calculate the remainder when o/(-3) - 2/6 is divided by f.
18
Let l = 22 + 1. Let w = 14 - 1. Calculate the remainder when l is divided by w.
10
Let j be (-1)/(-3) + (-5328)/27. Let z = 337 + j. Suppose -z = 2*b - 6*b. What is the remainder when b is divided by 12?
11
Let x(m) = m**3 + 20*m**2 + 23*m + 277. Calculate the remainder when x(-19) is divided by 9.
3
What is the remainder when (-4)/(-10) - 2/(140/(-18242)) is divided by 4?
1
Suppose -l + 2 = l + 3*b, -5*b = -4*l - 18. Let k(a) = -2*a. Calculate the remainder when 7 is divided by k(l).
3
Let g be -5 + -1 + 3 + -125. Let r = g - -199. What is the remainder when r is divided by 37?
34
Let z(q) = -5*q - 1. What is the remainder when (6 + -18)/24*-70 is divided by z(-4)?
16
Let i = -41 - -47. Calculate the remainder when (-6)/(-2)*(0 - (-80)/i) is divided by 11.
7
Suppose 3*v = 9*u - 7*u + 462, 3*v = -3*u + 477. Calculate the remainder when v is divided by 31.
1
What is the remainder when (-1 + -2)*(-1624)/42 is divided by 59?
57
Let j(z) = 19*z - 93. What is the remainder when j(14) is divided by 35?
33
What is the remainder when 104/(-78)*1083/(-2) + 2 is divided by 66?
64
Let z = -1640 + 1661. What is the remainder when z is divided by 14?
7
Let q(v) = v**2 - 4. Let k be q(3). Suppose -5*s + 2*f + 3*f = 20, -k*f = s - 20. What is the remainder when 29 is divided by 60/(-8)*-2 + s?
14
Let f = 14 + -18. Let x be ((-108)/(-90))/(f/(-10)). Suppose 4*b = -4*m, 2*m + 3 = b - x. Calculate the remainder when 4 is divided by b.
0
Suppose x + 4*j - 49 = -0*x, 3*x = -3*j + 120. Suppose 5*q + 15 = 0, 36*u - 175 = 32*u + 5*q. Calculate the remainder when x is divided by u/32 + (-94)/(-8).
11
Let m = 186 + -117. Suppose 0*h + 5*h + 5*p = 60, -2*h + 4*p + 36 = 0. What is the remainder when m is divided by h?
13
Let l(b) = -3*b - 16. Let j be l(-7). Suppose -155 = -5*m - 4*g - g, -3*g = j*m - 159. Calculate the remainder when m is divided by 17.
16
Calculate the remainder when 263 is divided by ((-3)/12*-4)/(2/108).
47
What is the remainder when 27 is divided by (((-114)/(-8))/(-19))/((-2)/72)?
0
Let m(v) = 7*v - 9. Let l be m(5). Suppose 0 = 5*g + 141 - 611. Calculate the remainder when g is divided by (38/4)/(13/l).
18
Suppose 4*s + 2*y = 3 + 3, 1 = -s - 3*y. Calculate the remainder when 37 is divided by (s/5)/(((-6)/(-75))/2).
7
Let x = -36 - -52. Let o be (-9)/(-3) + 0 + -16. Let a = o + x. Calculate the remainder when a is divided by 3.
0
Let a be ((-72)/14)/(12/(-56)). Let m be 6/1*(-32)/a. What is the remainder when (-93)/6*(m - -4) is divided by 16?
14
Let i = -78 + 82. Suppose -3*w = -4*h + 5, 5*h - 3*h - w - 5 = 0. Calculate the remainder when h is divided by (i/1*-1)/(-2).
1
Suppose 13 = -5*b + 63. Let a(r) = r**3 + 19*r - 93. Calculate the remainder when a(4) is divided by b.
7
Calculate the remainder when (-7)/(-84) + 1571/12 is divided by 7.
5
Suppose 1 = 2*l + o, 3*l + 2*o + 0 - 1 = 0. Let f = -3881 + 3884. Calculate the remainder when f is divided by l.
0
What is the remainder when (1 - -3) + 5/(10/4) is divided by 5?
1
Let f(j) be the second derivative of -3*j**3/2 - 3*j**2 + 7*j. Let y be f(3). Let l = 69 + y. What is the remainder when l is divided by 13?
10
Suppose w - 8*c = -5*c + 36, 0 = 3*w - 2*c - 73. Suppose -3*d + 30 + 150 = 0. Calculate the remainder when d is divided by w.
18
Let n(v) = 3*v**2 + 15*v - 10. Let t be n(-7). Suppose -4*q - 2*w + t = 0, q + 4*q = -w + 46. What is the remainder when 47 is divided by q?
7
Let g be (-16)/(-2 + -2) - -16. Let h be 4*(2 - g/16). Suppose 25 = 4*w - h*w. What is the remainder when w is divided by 13?
12
Let g = 97 + -11. Suppose y + 4*y - 3*u = 129, y = 2*u + 30. What is the remainder when g/(-4)*-2 + 2 is divided by y?
21
Let s be (15 - 16) + 1*53. Suppose 4*k = -s + 108. Calculate the remainder when 26 is divided by k.
12
Calculate the remainder when 86 is divided by (-232)/(-12) - 44/33.
14
Let s(u) = -3*u + 33. Let h(a) = -4*a + 33. Let c(t) = 4*h(t) - 5*s(t). Let b be c(0). Let v = 41 + b. What is the remainder when 23 is divided by v?
7
Let t be (-4)/(-30) - 2710/75. Let i = t + 50. What is the remainder when 94 is divided by i?
10
Let s(l) = l - 10. Let q be s(10). Suppose z + z + 48 = q. Let o = z - -61. Calculate the remainder when o is divided by 19.
18
Suppose 0 = -5*o + 102 + 198. Suppose 27*j - o = 23*j. Calculate the remainder when 54 is divided by j.
9
Suppose 28*l - 6*l = 858. Calculate the remainder when l is divided by 20.
19
Let p(s) = 20*s. Suppose -m = -14 + 10. Let z(v) = v**2 - 2. Calculate the remainder when p(